235.
5, 53, 571099
What are the prime factors of 5532660566?
2, 53, 52194911
What are the prime factors of 173143681?
61, 2838421
What are the prime factors of 297584465?
5, 23, 83, 31177
List the prime factors of 95054094.
2, 3, 1760261
List the prime factors of 43978946.
2, 11, 1999043
List the prime factors of 2149328100.
2, 3, 5, 271, 26437
What are the prime factors of 1118092800?
2, 3, 5, 11, 2647
List the prime factors of 27779977.
1231, 22567
List the prime factors of 3544007.
17, 12263
List the prime factors of 186317048.
2, 53, 439427
What are the prime factors of 2878686141?
3, 23, 41720089
List the prime factors of 8180179536.
2, 3, 170420407
List the prime factors of 33228412.
2, 7, 131, 9059
List the prime factors of 1234951784.
2, 11, 1951, 7193
What are the prime factors of 3960789296?
2, 247549331
List the prime factors of 85431515.
5, 13, 823, 1597
List the prime factors of 144577115.
5, 28915423
List the prime factors of 295614408.
2, 3, 2207, 5581
List the prime factors of 3131841888.
2, 3, 7, 517831
What are the prime factors of 14049592?
2, 1756199
List the prime factors of 7968765029.
29, 1051, 261451
List the prime factors of 1059142678.
2, 11, 48142849
List the prime factors of 114662775.
3, 5, 101, 15137
What are the prime factors of 7869793?
17, 61, 7589
List the prime factors of 123695877.
3, 41231959
List the prime factors of 1956993246.
2, 3, 13, 8363219
What are the prime factors of 5518348318?
2, 7, 6337, 62201
List the prime factors of 1180527759.
3, 991, 132361
List the prime factors of 1408424887.
509, 2767043
List the prime factors of 223973582.
2, 7, 97, 131, 1259
List the prime factors of 277322486.
2, 7, 1453, 13633
List the prime factors of 834723907.
29, 2791, 10313
List the prime factors of 1069211701.
29, 193, 191033
List the prime factors of 2571779961.
3, 421, 678749
What are the prime factors of 849620780?
2, 5, 1523, 27893
List the prime factors of 5233352058.
2, 3, 11, 19, 23, 20161
List the prime factors of 301617932.
2, 7, 11, 19, 37, 199
What are the prime factors of 196466131?
196466131
List the prime factors of 99763880.
2, 5, 23, 108439
List the prime factors of 62588791.
101, 149, 4159
What are the prime factors of 33846618?
2, 3, 13, 433931
List the prime factors of 2284849249.
17, 7069, 19013
List the prime factors of 2268789876.
2, 3, 17, 218069
List the prime factors of 428943988.
2, 11, 29, 336163
List the prime factors of 1422265021.
1481, 960341
What are the prime factors of 1142707078?
2, 6607, 86477
List the prime factors of 165882660.
2, 3, 5, 2764711
What are the prime factors of 447602348?
2, 5477, 20431
What are the prime factors of 18735140?
2, 5, 19, 47, 1049
What are the prime factors of 80851017?
3, 13, 2073103
What are the prime factors of 93427907?
93427907
List the prime factors of 217997677.
217997677
What are the prime factors of 464363646?
2, 3, 1601, 48341
What are the prime factors of 58647174?
2, 3, 3067, 3187
List the prime factors of 7059120399.
3, 784346711
List the prime factors of 315633251.
997, 316583
What are the prime factors of 1113254530?
2, 5, 113, 985181
What are the prime factors of 1592600289?
3, 7, 75838109
List the prime factors of 1821640510.
2, 5, 29, 6281519
What are the prime factors of 334846620?
2, 3, 5, 17, 73, 1499
List the prime factors of 7418732658.
2, 3, 15959, 77477
List the prime factors of 149161585.
5, 29832317
What are the prime factors of 2030435584?
2, 23, 344843
List the prime factors of 45792957.
3, 7, 677, 3221
What are the prime factors of 2523244192?
2, 7, 11264483
List the prime factors of 829078409.
829078409
List the prime factors of 276854074.
2, 7, 19775291
List the prime factors of 41658675.
3, 5, 79, 89
List the prime factors of 161531310.
2, 3, 5, 331, 16267
List the prime factors of 325038499.
325038499
What are the prime factors of 232786958?
2, 47, 1429, 1733
What are the prime factors of 172223674?
2, 7, 1597, 7703
List the prime factors of 57189302.
2, 173, 165287
What are the prime factors of 144415968?
2, 3, 367, 4099
What are the prime factors of 3825607866?
2, 3, 637601311
List the prime factors of 219453470.
2, 5, 21945347
What are the prime factors of 35838913?
11, 1193, 2731
List the prime factors of 61582061.
61582061
List the prime factors of 63774697.
7, 19, 479509
List the prime factors of 60072817.
7, 1097, 7823
What are the prime factors of 3019416906?
2, 3, 11, 45748741
List the prime factors of 268255134.
2, 3, 7, 283, 7523
List the prime factors of 4047460106.
2, 2023730053
List the prime factors of 5044033955.
5, 2111, 477881
List the prime factors of 320299705.
5, 11, 529421
List the prime factors of 1175230089.
3, 11, 839, 14149
What are the prime factors of 988831906?
2, 127, 1381, 2819
What are the prime factors of 120871820?
2, 5, 71, 85121
What are the prime factors of 1305574549?
1305574549
List the prime factors of 32199272.
2, 7, 82141
What are the prime factors of 1319853604?
2, 329963401
List the prime factors of 87112442.
2, 43556221
What are the prime factors of 46495513?
43, 1081291
List the prime factors of 531774280.
2, 5, 17, 19, 79, 521
What are the prime factors of 3863263257?
3, 7, 233, 263183
List the prime factors of 89518262.
2, 191, 234341
List the prime factors of 1094230389.
3, 7, 52106209
List the prime factors of 2248115874.
2, 3, 149, 401, 6271
List the prime factors of 100303927.
17, 5900231
What are the prime factors of 2587640343?
3, 19, 751, 60449
List the prime factors of 2834418263.
37, 76605899
List the prime factors of 26503836.
2, 3, 2208653
List the prime factors of 760818855.
3, 5, 50721257
List the prime factors of 548040558.
2, 3, 13, 853, 8237
List the prime factors of 12637673.
12637673
List the prime factors of 7824817.
7, 11, 13, 7817
List the prime factors of 36018324.
2, 3, 333503
List the prime factors of 3879855192.
2, 3, 17, 9509449
What are the prime factors of 2707549789?
7, 131, 2952617
What are the prime factors of 9333854?
2, 61, 76507
List the prime factors of 2669102838.
2, 3, 109, 293, 4643
What are the prime factors of 637755658?
2, 318877829
List the prime factors of 1674340172.
2, 29, 53, 9391
What are the prime factors of 483189008?
2, 1097, 27529
What are the prime factors of 108550408?
2, 823, 16487
What are the prime factors of 11798048?
2, 368689
What are the prime factors of 114627030?
2, 3, 5, 7, 545843
What are the prime factors of 812419537?
19, 1409, 30347
What are the prime factors of 133458517?
17, 97, 80933
List the prime factors of 21085714.
2, 13, 810989
What are the prime factors of 26535526?
2, 13267763
List the prime factors of 5209301562.
2, 3, 17257, 50311
List the prime factors of 77194787.
67, 1152161
List the prime factors of 2322813513.
3, 17, 2679139
What are the prime factors of 1307191070?
2, 5, 19, 83, 82891
What are the prime factors of 72226814?
2, 11, 3283037
List the prime factors of 16715526.
2, 3, 23, 59, 2053
List the prime factors of 131260739.
191, 229, 3001
What are the prime factors of 96339849?
3, 53, 401, 1511
What are the prime factors of 41906010?
2, 3, 5, 1396867
List the prime factors of 69937204.
2, 23, 760187
What are the prime factors of 86852490?
2, 3, 5, 17, 170299
List the prime factors of 92149502.
2, 4547, 10133
What are the prime factors of 720636284?
2, 180159071
What are the prime factors of 703057455?
3, 5, 53, 97, 1013
List the prime factors of 896280724.
2, 6871, 32611
List the prime factors of 18814619.
18814619
What are the prime factors of 5357571?
3, 1785857
List the prime factors of 1467589641.
3, 7, 67, 3041
List the prime factors of 15744332.
2, 29, 135727
What are the prime factors of 99333350?
2, 5, 1097, 1811
What are the prime factors of 3737384881?
283, 13206307
List the prime factors of 27522034.
2, 983, 13999
What are the prime factors of 23329063?
53, 440171
What are the prime factors of 53445069?
3, 631, 3137
List the prime factors of 563494319.
23, 3613, 6781
What are the prime factors of 74172906?
2, 3, 523, 7879
What are the prime factors of 381991192?
2, 11, 394619
What are the prime factors of 4987404582?
2, 3, 19, 599, 73037
List the prime factors of 5032183897.
13, 227, 1705247
What are the prime factors of 69441723?
3, 13, 593519
List the prime fa